(l) = 3*l - 15. Calculate h(5).
0
Let v(j) = 5*j**2 - 4*j - 12. What is v(4)?
52
Let h(c) = c**3 + 5*c**2 - 6*c + 1. Determine h(-5).
31
Let m(y) = -y**3 - 12*y**2 - 20*y - 6. Determine m(-10).
-6
Let g(p) = 8*p + 7. Give g(-5).
-33
Let o(j) = 20*j + 105. Give o(-5).
5
Let u(q) = q**3 - 13*q**2 + 15*q - 43. Determine u(12).
-7
Let a(d) = -d**3 - 8*d**2 - d - 10. Give a(-7).
-52
Let r(z) = -z**2 - 19*z - 14. What is r(-18)?
4
Let v(w) = w**2 - 16*w + 3. Give v(16).
3
Let v(j) = j**2 - 11*j + 8. What is v(10)?
-2
Let g(f) = -111*f - 113. Give g(-1).
-2
Let p(t) = t**2 + 24*t + 75. Determine p(-15).
-60
Let v(f) = -10*f - 72. What is v(0)?
-72
Let f(q) = 3*q + 12. What is f(9)?
39
Let g(w) = -w**3 - 4*w**2 - 2*w - 17. Give g(-4).
-9
Let p(z) = -z**2 + 16*z + 17. What is p(17)?
0
Let h(g) = g**2 + 4*g - 5. Calculate h(-5).
0
Let v(i) = -i**3 - 11*i**2 - 6*i - 69. Calculate v(-11).
-3
Let q(z) = -5*z + 9. Give q(4).
-11
Let u(v) = -v**3 - 6*v**2 - 5*v - 4. Calculate u(-5).
-4
Let w(u) = -5*u**2 + 8*u + 3. What is w(-3)?
-66
Let n(w) = -w**3 - 6*w**2 + 3*w + 1. Give n(-5).
-39
Let z(d) = -d**2 + 19*d + 281. Determine z(30).
-49
Let o(f) = -2*f**2 - 5*f + 3. Give o(-5).
-22
Let u(l) = 2*l**2 + 4*l - 56. What is u(5)?
14
Let b(y) = -4*y**3 + 3*y**2 + 19*y + 17. Calculate b(-1).
5
Let a(k) = -12*k**2 + 98*k - 23. Calculate a(8).
-7
Let x(f) = -2*f**2 + 64*f + 455. Give x(38).
-1
Let v(c) = 16*c + 32. Determine v(-6).
-64
Let k(v) = 3*v**3 + 8*v**2 + 3*v + 4. What is k(-3)?
-14
Let k(t) = -16*t - 33. Give k(-3).
15
Let i(a) = 2*a**3 + 29*a**2 - 14*a + 21. What is i(-15)?
6
Let q(c) = -c**3 + 8*c**2 - 15. Give q(7).
34
Let u(b) = 124*b - 497. Calculate u(4).
-1
Let k(g) = -g - 12. Calculate k(-15).
3
Let g(s) = -3*s + 36. Determine g(16).
-12
Let d(t) = 13*t**3 + 2*t**2 + t - 2. Calculate d(1).
14
Let f(o) = -62*o - 239. Give f(-4).
9
Let z(o) = 4*o**3 - o**2 - 6*o + 3. Determine z(0).
3
Let n(f) = 4*f - 9. Determine n(7).
19
Let g(n) = n**2 - 11*n + 21. Give g(6).
-9
Let u(p) = -p**3 + 3. Give u(-2).
11
Let s(f) = f**2 - 6*f + 12. Give s(0).
12
Let b(v) = -2*v + 35. Calculate b(13).
9
Let l(v) = -v**3 - 5*v**2 - v - 1. Calculate l(-4).
-13
Let q(k) = 2*k**3 + 8*k**2 - 5*k + 8. Give q(-5).
-17
Let q(v) = 5*v + 4. What is q(-3)?
-11
Let k(u) = -4*u - 27. What is k(-17)?
41
Let n(x) = 9*x - 5. Give n(-8).
-77
Let z(o) = -o - 7. Determine z(-8).
1
Let z(x) = -x**2 - 3*x - 6. Calculate z(-3).
-6
Let m(p) = p**3 + 7*p**2 + 4*p - 11. Give m(-6).
1
Let f(t) = 5*t**2 + 54*t + 40. Determine f(-10).
0
Let z(s) = s**3 - 17*s**2 + 18. Determine z(17).
18
Let b(x) = -x - 12. Calculate b(-1).
-11
Let j(f) = 2*f**2 - 14*f + 15. What is j(6)?
3
Let l(p) = p**2 - 8*p + 7. Determine l(3).
-8
Let i(x) = x**3 + 8*x**2 - 32*x - 2. Determine i(-11).
-13
Let f(i) = -37*i + 37. Calculate f(1).
0
Let v(g) = -g**3 - 8*g**2 - 11*g - 5. What is v(-5)?
-25
Let u(s) = -s**2 - 8*s - 10. Calculate u(-3).
5
Let y(d) = d**3 + 10*d**2 + 18*d - 1. Give y(-8).
-17
Let d(f) = -10*f**3 - f**2 + 4*f + 5. Give d(-1).
10
Let x(y) = -4*y**2 + 4*y - 9. Determine x(6).
-129
Let a(p) = -p**3 - 12*p**2 - 3*p + 22. Determine a(-12).
58
Let p(a) = -2*a + 6. What is p(-4)?
14
Let r(m) = -m**3 + 13*m**2 - 13*m - 13. Calculate r(12).
-25
Let x(q) = 70*q**3 + 3*q - 2. Give x(1).
71
Let k(v) = v**3 + 7*v**2 - 5*v + 14. Calculate k(-8).
-10
Let r(g) = 3*g**3 + 3*g**2 - 2. Give r(2).
34
Let n(w) = -2*w**3 + 36*w**2 - 7*w - 13. What is n(18)?
-139
Let q(w) = -5*w - 2. Determine q(-4).
18
Let c(r) = 9*r - 29. Calculate c(15).
106
Let c(p) = -p**2 + 6*p - 9. Determine c(6).
-9
Let q(u) = -u - 16. Determine q(0).
-16
Let y(o) = 17*o + 4. Calculate y(2).
38
Let a(g) = g**2 - g + 22. Determine a(-7).
78
Let x(v) = -7*v + 2. Determine x(6).
-40
Let g(q) = 6*q**2 + 37*q + 4. Calculate g(-6).
-2
Let u(g) = 3*g + 14. What is u(-11)?
-19
Let k(u) = -u**2 + u + 2. What is k(2)?
0
Let r(o) = -2*o - 5. What is r(-4)?
3
Let u(b) = -26*b - 3. What is u(3)?
-81
Let o(p) = -2*p**3 + 47*p**2 + 26*p - 40. Calculate o(24).
8
Let r(u) = u - 38. What is r(23)?
-15
Let h(a) = 5*a**2 + 29*a + 40. Determine h(-5).
20
Let u(q) = q**2 + 6*q + 9. Give u(-6).
9
Let l(c) = -c**2 + c + 2. Give l(-1).
0
Let f(r) = -r**3 - r**2 + r - 4. Give f(-3).
11
Let c(p) = 16*p + 1047. What is c(-66)?
-9
Let g(u) = 4*u - 30. What is g(6)?
-6
Let q(b) = 2*b**3 + 5*b**2 - 3*b + 1. What is q(-4)?
-35
Let n(q) = -15*q + 111. Calculate n(7).
6
Let b(a) = -a**3 + 3*a**2 - 2*a + 9. Calculate b(3).
3
Let w(j) = -j**2 + 3*j + 131. Calculate w(-10).
1
Let i(y) = y**3 - 19*y**2 - 20*y - 11. Determine i(20).
-11
Let c(u) = -u**2 - 6*u + 24. What is c(-7)?
17
Let g(d) = -2*d**2 + 19*d - 35. Calculate g(7).
0
Let g(q) = -5*q - 26. Give g(9).
-71
Let g(i) = 11*i + 25. What is g(-20)?
-195
Let b(l) = -8*l + 30. Give b(22).
-146
Let c(u) = -u**3 + 3*u**2 + 8*u - 7. What is c(4)?
9
Let m(v) = v**3 - 3*v**2 - 2*v + 1. Give m(4).
9
Let v(a) = -5*a + 90. Give v(21).
-15
Let p(j) = -j + 65. Give p(-8).
73
Let s(b) = b**2 - 17. What is s(-4)?
-1
Let c(r) = r**3 + 8*r**2 + 7*r - 8. Give c(-7).
-8
Let x(f) = 3*f - 84. Give x(0).
-84
Let m(r) = 3*r - 92. Give m(35).
13
Let m(s) = -s - 28. Calculate m(-2).
-26
Let s(c) = -3*c + 22. Calculate s(5).
7
Let n(v) = -25*v**2 + 11*v - 11. Determine n(1).
-25
Let k(l) = -l**2 + 19*l - 12. What is k(19)?
-12
Let x(b) = b + 4. Calculate x(-9).
-5
Let c(z) = 3*z + 20. What is c(6)?
38
Let k(b) = -b**2 + 3*b + 32. Determine k(8).
-8
Let l(y) = 6*y - 2. Give l(4).
22
Let l(d) = 2*d - 1. Determine l(-4).
-9
Let y(u) = -u**2 - 13*u - 29. What is y(-4)?
7
Let j(q) = q**3 - 17*q**2 + 15*q + 21. Give j(16).
5
Let m(i) = 11*i + 183. Calculate m(-15).
18
Let u(t) = t**2 + 9*t - 8. What is u(-8)?
-16
Let h(n) = n**2 + 15*n + 34. Give h(-10).
-16
Let g(r) = 6*r**2 + 2*r - 2. Determine g(1).
6
Let z(o) = o**3 + 7*o**2 + 2*o + 9. Calculate z(-7).
-5
Let j(b) = 2*b + 1. Give j(-2).
-3
Let z(a) = a - 6. Calculate z(0).
-6
Let g(d) = -d**2 + 7*d - 2. What is g(6)?
4
Let k(a) = -a**3 - 5*a**2 - 5*a + 3. What is k(-4)?
7
Let o(t) = 2*t**3 + 5*t**2 + 8*t + 1. Give o(-4).
-79
Let b(t) = t**2 + 23*t - 114. Calculate b(4).
-6
Let l(d) = -d**3 + 8*d**2 - d - 6. Calculate l(8).
-14
Let f(n) = -n**3 - n**2 + 4*n - 4. What is f(3)?
-28
Let q(i) = -i**2 + 14*i - 22. Give q(12).
2
Let p(o) = -25*o + 3. Calculate p(2).
-47
Let h(w) = 8*w + 5. Give h(-3).
-19
Let h(d) = 3*d + 42. What is h(8)?
66
Let t(m) = m**3 - 2*m**2 - m + 2. What is t(-2)?
-12
Let q(t) = t**2 + 7*t - 3. What is q(-9)?
15
Let k(c) = c - 1. What is k(12)?
11
Let n(h) = 78*h + 547. Give n(-7).
1
Let w(j) = -j**2 + j + 59. Determine w(-7).
3
Let g(d) = d**3 - 11*d**2 + 10*d + 7. Determine g(10).
7
Let b(t) = -t**3 - 5*t**2 + 13*t - 4. What is b(-7)?
3
Let y(i) = -23*i - 1. What is y(1)?
-24
Let k(i) = 7*i + 85. Calculate k(-13).
-6
Let l(a) = 9*a**2 - 206*a - 8. Give l(23).
15
Let f(p) = p**2 - 8*p. What is f(7)?
-7
Let q(u) = -2*u - 86. What is q(0)?
-86
Let f(b) = -b**2 - b + 4. Give f(0).
4
Let z(h) = -h**3 + h**2 - h. Calculate z(-2).
14
Let u(y) = -31*y**2 - 1. Calculate u(1).
-32
Let w(q) = q - 12. Give w(18).
6
Let s(u) = -3*u**2 + 6*u - 2. Give s(2).
-2
Let r(f) = -39*f**3 + f. Calculate r(1).
-38
Let o(z) = z**3 + 9*z**2 + 9*z - 7. Give o(-8).
-15
Let v(g) = -g - 9. Give v(-3).
-6
Let b(y) = -14*y + 10. Give b(2).
-18
Let s(u) = -u**3 - 4*u**2 - 7. Calculate s(-6).
65
Let s(o) = -o**3 + 4*o**2 + 4*o + 10. What is s(5)?
5
Let q(l) = -l**3 + l - 1. Give q(1).
-1
Let v(f) = -f - 11. Calculate v(-16).
5
Let m(c) = -2*c + 18. Give m(9).
0
Let d(x) = 11*x. Calculate d(-1).
-11
Let f(k) = -k**3 + 4*k**2 + 4*k + 7. What is f(5)?
2
Let l(j) = j**3 + 6*j**2 - 8*j + 63. Calculate l(-8).
-1
Let m(v) = -v**3 + 3*v - 2. What is m(-4)?
50
Let o(g) = -26*g + 292. Determine o(11).
6
Let t(f) = -f**2 + 41*f - 44. Determine t(40).
-4
Let h(f) = 63*f - 2. Calculate h(1).
61
Let s(i) = 2*i + 2. Give s(2).
6
Let r(l) = l**3 - 4*l**2 - 8*l + 11. Calculate r(5).
-4
Let n(w) = w**2 - 3*w + 5. What is n(6)?
23
Let c(i) = 2*i**2 - 20*i + 13. What is c(9)?
-5
Let k(w) = w**3 + 6*w**2 + 7*w + 4. Determine k(-5).
-6
Let d(y) = 5*y - 15. Determine d(5).
10
Let o(k) = k**2 - 22*k - 38. What is o(23)?
-15
Let d(y) = y**3